ctors of n(9).
2, 29
Suppose 231*o - 189696 = 212*o. List the prime factors of o.
2, 3, 13
Let c = 45935 + -28158. What are the prime factors of c?
29, 613
Let t = 51717 + -29684. List the prime factors of t.
11, 2003
Let g(k) = 2*k**2 + 5*k - 13. Suppose 2*s - 4 + 14 = 0. Let d be g(s). Suppose -210 = -2*h + h + 3*t, 3*t + d = 0. List the prime factors of h.
2, 3, 11
Let m = 5059 + -3307. Suppose j + 5*l = 456, m = 4*j + 3*l - 7*l. What are the prime factors of j?
3, 7
Suppose 31*i - 111*i + 23515 + 35845 = 0. List the prime factors of i.
2, 7, 53
Let r(a) = -3*a**3 + 25*a**2 + 47*a + 20. List the prime factors of r(-14).
2, 6247
Let q(t) = 29*t**2 - 2. Let v(s) = -29*s**2 + s + 4. Let n(z) = 3*q(z) + 2*v(z). What are the prime factors of n(-2)?
2, 3, 19
Suppose 4*d - 16 = -2*r, -4*d - 10 = 10. Let t(o) = 4*o**2 - 8*o + 28. List the prime factors of t(r).
2, 5, 59
What are the prime factors of (117120/(-3))/(-5) - 5?
3, 17
Let h = -12044 - -20310. List the prime factors of h.
2, 4133
Let d = -6324 + 12932. What are the prime factors of d?
2, 7, 59
Let n(l) = -12*l**2 + 62*l - 3. Let k be n(5). Suppose -k*z + 1182 = -3844. What are the prime factors of z?
2, 359
Let m(f) = -2*f**3 + 9*f**2 + 12*f - 5. Let u be m(-7). Let r = u + -370. What are the prime factors of r?
2, 167
Suppose -3*y = s - 274, -7*y = -2*y - 2*s - 453. Let r = 93 - y. Suppose r*g - 198 = -w - g, 3*w - 570 = 3*g. List the prime factors of w.
2, 3
Suppose 120*v = -118214 + 1856654. List the prime factors of v.
3, 11, 439
Suppose k - 2*s - 20 - 3 = 0, -k = -4*s - 19. Suppose 144 = -7*j + 781. Let c = j - k. What are the prime factors of c?
2
Suppose 51 = 4*q - 5*u, 4*q = 3*q + 4*u + 21. Suppose -2*k = -1 - q. Suppose -6*b = k*b - 858. List the prime factors of b.
2, 3, 13
Let y = 49844 - 21933. List the prime factors of y.
13, 19, 113
Let l(c) = 3*c**3 + 166*c**2 - 141*c - 214. What are the prime factors of l(-40)?
2, 3, 13171
Let u(a) = a**3 - a**2 + a + 803. Suppose 3*x + 11 - 1 = -2*v, 5*v + 25 = -2*x. List the prime factors of u(x).
11, 73
Let k(w) = w**2 - 5*w + 5. Let t be k(-7). Let x be (3 + -2)/(2/8). Suppose -t - 51 = -x*n. List the prime factors of n.
5, 7
Let y(r) = -r**3 + 10*r - 13 + 1 + 7*r**2 - 3. Let a be y(8). What are the prime factors of -2 + a - (-48 + -10)?
3, 19
Suppose 15*g - 20*g = -3*k + 146, -g - 2*k - 24 = 0. Let n = 578 + g. What are the prime factors of n?
2, 5, 11
Let b(a) = 7*a**2 - 418*a - 141. What are the prime factors of b(65)?
2, 283
Let y = -2820 + 3992. Suppose 0 = 5*h - y - 563. List the prime factors of h.
347
Suppose 0 = -2*y + 10, -32430 = 17*a - 22*a - 4*y. What are the prime factors of a?
2, 7, 463
Let a(t) = t**2 + 10*t - 8. Let m be a(-13). Suppose 39*k - m*k - 7816 = 0. List the prime factors of k.
977
Let v(w) = 7*w**2 - 13*w + 16. Let b be v(15). Let k = b + -922. What are the prime factors of k?
2, 3, 79
Let d = 85134 + -9738. List the prime factors of d.
2, 3, 61, 103
Suppose 9*m - 60 = -42. What are the prime factors of ((-513)/m)/((-35)/70)?
3, 19
Let j(y) = -112*y**3 - 8*y**2 - 5*y + 6. List the prime factors of j(-3).
3, 991
Suppose 0 = 5*w + 25, 5*s = 2*s - 2*w - 604. Let f = 513 + s. List the prime factors of f.
3, 5, 7
Let w be 4/8 + 14/(-4). Let c(a) = 106*a**2 + a + 2. What are the prime factors of c(w)?
953
Let o(k) = 2*k - 6*k - 1 + 2*k - 2*k. Let p be (-12)/(4 - 1/(-6)*-20). List the prime factors of o(p).
71
Suppose 5*l - 5*f = 4*l + 211, -f = 0. Let p = l - 15. Suppose q + 0*q = p. List the prime factors of q.
2, 7
Let y be ((-4)/(-6))/((-112)/(-17640)). What are the prime factors of -574*(y/(-10))/7?
3, 7, 41
Suppose -4*n - 3*o = -7*n + 9, n + o + 3 = 0. Suppose 4*g = -n*g + 1224. What are the prime factors of g?
2, 3, 17
Let o(v) = 3*v**3 - 4*v**2 + 5*v - 3. Let h be -1 + (-18)/4*12/(-18). Let d be o(h). Suppose d*f - 21*f + 1212 = 0. What are the prime factors of f?
2, 101
Let c(u) = u - 2 + 5*u**2 + 1 - 2*u - 20*u - 9*u. What are the prime factors of c(-11)?
2, 467
Suppose 10*q + 227 + 13 = 0. What are the prime factors of 460/((-6)/q + 0)?
2, 5, 23
Let r = -20950 - -29482. Suppose 4884 = 13*o - r. What are the prime factors of o?
2, 3, 43
Let l(m) = m**3 + 89*m**2 + 265*m - 25. List the prime factors of l(-85).
2, 5, 127
Let a(o) = 3*o**2 - 2*o - 31. Let j be (3 + -2)*3 - 8. Let b(g) = g**3 + 5*g**2 + 2*g + 3. Let y be b(j). What are the prime factors of a(y)?
2, 5, 13
Let j = -36 - -83. Let d = 55 - j. Suppose d*i = -34 + 1466. List the prime factors of i.
179
Suppose -745 = 11*i - 800. Suppose 2*r - 102 = -r. Suppose -5*t - 116 = -2*c, -i*t + 14 = r. What are the prime factors of c?
2, 3
Suppose 24 = 11*u - 9. Suppose -15 = 3*p, -4*p = 4*t - u*t - 325. List the prime factors of t.
3, 5, 23
Let p(o) = -2*o**3 - 8*o**2. Let u be p(-4). Suppose 0 = -u*c - 6*c + 4434. List the prime factors of c.
739
Suppose -402 = 4*a - 414. Suppose -r = a - 1237. What are the prime factors of r?
2, 617
Let u = -57 - -55. Let l be (u/4)/(9/(-36)). Suppose 0 = l*m + 6*m - 624. What are the prime factors of m?
2, 3, 13
Let k = -122 - -117. Let g(y) = -y**3 + 4*y**2 + 5*y - 22. List the prime factors of g(k).
2, 89
Let s(j) = -j**2 + j - 126. Let q be s(0). Suppose -2*v - 78*o + 82*o - 136 = 0, -410 = 5*v + 4*o. Let u = v - q. What are the prime factors of u?
2, 3
Suppose -5*p = 52*w - 48*w - 17553, -2*p - 4*w = -7014. What are the prime factors of p?
3, 1171
Let i = -3216 + 45580. What are the prime factors of i?
2, 7, 17, 89
Let f = 493 + -412. Let v = 637 - f. What are the prime factors of v?
2, 139
Let y(w) be the first derivative of -18 - 7/2*w**2 - 19*w. What are the prime factors of y(-6)?
23
Let f(h) = -632*h - 5247. List the prime factors of f(-47).
37, 661
Suppose 0 = -71*i + 71414 + 2953967. List the prime factors of i.
42611
Let f be (-3*(-1)/2)/((-64)/(-6144)). Let b(a) = -4*a**2 + 2*a + 1. Let t be b(-3). Let j = t + f. List the prime factors of j.
103
Suppose -2*f - 2*m = 3*m + 15, -40 = -5*f + 3*m. Suppose 8*o = f*o + 36. Let a(c) = 8*c. What are the prime factors of a(o)?
2, 3
Let j(t) = 10*t + 15. Let b = -173 - -201. What are the prime factors of j(b)?
5, 59
Let b = -11915 + 12659. What are the prime factors of b?
2, 3, 31
Let q(w) = 12*w - 122. Let h be q(12). Suppose 12 = 4*p - 0*p. Suppose j + h = p*j. List the prime factors of j.
11
Suppose 0 = -3*t + 4*q + 2, 4*t - 28 = -q. Suppose -k - t*k = -630. List the prime factors of k.
2, 3, 5
Suppose 43*r + 3*q - 36498 = 40*r, 4*q + 12131 = r. What are the prime factors of r?
3, 7, 193
Suppose -32 = w - h - 31, -3*w - 21 = 3*h. Let a be 22*(1 - 0)/1. List the prime factors of w/a - (-730)/22.
3, 11
Suppose -7*c + 6*c - 1363 = -3*m, 2*c + 902 = 2*m. Suppose 2*d - m = 4*s, 4*d + 4*s = 3*s + 876. What are the prime factors of d?
2, 5, 11
Let s be (-3 + -44 - 1)*22/(-3). Suppose -s = 3*d - 0*i - i, 2*i + 466 = -4*d. List the prime factors of (-26)/d + 878/18.
7
Let z(p) = p**2 + 15*p + 34. Let w be z(-6). What are the prime factors of (-35)/(-14)*(-7952)/w?
2, 7, 71
Suppose -3*m + 16 - 19 = 0. Let v(q) = 42*q + 9. Let h(s) = 126*s + 26. Let g(b) = -5*h(b) + 14*v(b). What are the prime factors of g(m)?
2, 19
Let p(r) = 4*r + 23. Let i be p(-7). Let o(n) = -n**3 + 4*n + 9. What are the prime factors of o(i)?
2, 3, 19
Let m(u) = u**3 + 15*u**2 - 32*u + 35. Let a be m(-17). Let g(z) = 962*z - 18. List the prime factors of g(a).
2, 59
Let a = -251 - -279. Suppose a + 55 = 2*c - 3*k, -165 = -4*c + 5*k. List the prime factors of c.
2, 5
Let t(x) = 261*x - 352. List the prime factors of t(4).
2, 173
Let o be -6 + (-6 - -11) + 2. What are the prime factors of -15*(-1116)/27 - o/(-1)?
3, 23
List the prime factors of 1185/(8/18 - (1280/60 - 21)).
3, 5, 79
Suppose 2*r - d - 51352 = -6*d, 4*r - 2*d = 102752. What are the prime factors of r?
2, 3, 1427
Suppose 5*y - c - 148675 = 0, -3*c + 59470 = 33*y - 31*y. List the prime factors of y.
5, 19, 313
Let w(r) = 1700*r + 4447. List the prime factors of w(41).
53, 1399
Suppose 1914765 = 91*w + 17*w - 750243. List the prime factors of w.
2, 31, 199
List the prime factors of 6751 + (-8 + 9)*-9.
2, 3371
Let f = 75 + -150. Let q = -30 - f. List the prime factors of (-709)/(-9) - (-10)/q.
79
Let m(l) = 5*l**2 + 41*l - 811. What are t